{"id":2454,"date":"2023-06-27T09:40:35","date_gmt":"2023-06-27T07:40:35","guid":{"rendered":"https:\/\/financiere-eos.com\/kg2401-ovh\/?page_id=2454"},"modified":"2024-05-16T14:28:54","modified_gmt":"2024-05-16T12:28:54","slug":"intermediation","status":"publish","type":"page","link":"https:\/\/financiere-eos.com\/index.php\/intermediation\/","title":{"rendered":"Intermediation"},"content":{"rendered":"<div id=\"who\" class=\"fusion-container-anchor\"><div class=\"fusion-fullwidth fullwidth-box fusion-builder-row-1 fusion-flex-container has-pattern-background has-mask-background nonhundred-percent-fullwidth non-hundred-percent-height-scrolling\" style=\"--link_hover_color: var(--awb-color5);--link_color: var(--awb-color5);--awb-background-position:right top;--awb-background-blend-mode:overlay;--awb-border-color:var(--awb-color1);--awb-border-radius-top-left:0px;--awb-border-radius-top-right:0px;--awb-border-radius-bottom-right:0px;--awb-border-radius-bottom-left:0px;--awb-padding-top:120px;--awb-padding-bottom:120px;--awb-padding-top-medium:90px;--awb-padding-bottom-medium:90px;--awb-padding-top-small:80px;--awb-padding-bottom-small:80px;--awb-margin-bottom-medium:0px;--awb-background-color:var(--awb-color1);--awb-flex-wrap:wrap;\" ><div class=\"fusion-builder-row fusion-row fusion-flex-align-items-center fusion-flex-content-wrap\" style=\"max-width:1248px;margin-left: calc(-4% \/ 2 );margin-right: calc(-4% \/ 2 );\"><div class=\"fusion-layout-column fusion_builder_column fusion-builder-column-0 fusion-flex-column\" style=\"--awb-bg-size:cover;--awb-width-large:52%;--awb-margin-top-large:0px;--awb-spacing-right-large:72px;--awb-margin-bottom-large:0px;--awb-spacing-left-large:3.6923076923077%;--awb-width-medium:50%;--awb-order-medium:0;--awb-spacing-right-medium:70px;--awb-spacing-left-medium:3.84%;--awb-width-small:100%;--awb-order-small:0;--awb-spacing-right-small:1.92%;--awb-spacing-left-small:1.92%;\"><div class=\"fusion-column-wrapper fusion-column-has-shadow fusion-flex-justify-content-flex-start fusion-content-layout-column\"><div class=\"fusion-image-element \" style=\"--awb-aspect-ratio: 100 \/ 119;--awb-margin-bottom-small:50px;--awb-caption-title-font-family:var(--h2_typography-font-family);--awb-caption-title-font-weight:var(--h2_typography-font-weight);--awb-caption-title-font-style:var(--h2_typography-font-style);--awb-caption-title-size:var(--h2_typography-font-size);--awb-caption-title-transform:var(--h2_typography-text-transform);--awb-caption-title-line-height:var(--h2_typography-line-height);--awb-caption-title-letter-spacing:var(--h2_typography-letter-spacing);\"><span class=\" fusion-imageframe imageframe-none imageframe-1 hover-type-none has-aspect-ratio fusion-animated\" style=\"--awb-animation-color:hsla(var(--awb-color4-h),var(--awb-color4-s),calc(var(--awb-color4-l) + 20%),var(--awb-color4-a));\" data-animationType=\"revealInLeft\" data-animationDuration=\"1.3\" data-animationOffset=\"top-into-view\"><img decoding=\"async\" width=\"1024\" height=\"680\" title=\"Capture\" src=\"https:\/\/financiere-eos.com\/wp-content\/uploads\/2023\/06\/Capture.jpg\" data-orig-src=\"https:\/\/financiere-eos.com\/wp-content\/uploads\/2023\/06\/Capture-1024x680.jpg\" class=\"lazyload img-responsive wp-image-2605 img-with-aspect-ratio\" alt srcset=\"data:image\/svg+xml,%3Csvg%20xmlns%3D%27http%3A%2F%2Fwww.w3.org%2F2000%2Fsvg%27%20width%3D%271097%27%20height%3D%27729%27%20viewBox%3D%270%200%201097%20729%27%3E%3Crect%20width%3D%271097%27%20height%3D%27729%27%20fill-opacity%3D%220%22%2F%3E%3C%2Fsvg%3E\" data-srcset=\"https:\/\/financiere-eos.com\/wp-content\/uploads\/2023\/06\/Capture-200x133.jpg 200w, https:\/\/financiere-eos.com\/wp-content\/uploads\/2023\/06\/Capture-400x266.jpg 400w, https:\/\/financiere-eos.com\/wp-content\/uploads\/2023\/06\/Capture-600x399.jpg 600w, https:\/\/financiere-eos.com\/wp-content\/uploads\/2023\/06\/Capture-800x532.jpg 800w, https:\/\/financiere-eos.com\/wp-content\/uploads\/2023\/06\/Capture.jpg 1097w\" data-sizes=\"auto\" data-orig-sizes=\"(max-width: 700px) 100vw, 600px\" \/><\/span><\/div><div class=\"fusion-image-element \" style=\"--awb-aspect-ratio: 100 \/ 119;--awb-margin-bottom-small:50px;--awb-caption-title-font-family:var(--h2_typography-font-family);--awb-caption-title-font-weight:var(--h2_typography-font-weight);--awb-caption-title-font-style:var(--h2_typography-font-style);--awb-caption-title-size:var(--h2_typography-font-size);--awb-caption-title-transform:var(--h2_typography-text-transform);--awb-caption-title-line-height:var(--h2_typography-line-height);--awb-caption-title-letter-spacing:var(--h2_typography-letter-spacing);\"><span class=\" fusion-imageframe imageframe-none imageframe-2 hover-type-none has-aspect-ratio fusion-animated\" style=\"--awb-animation-color:hsla(var(--awb-color4-h),var(--awb-color4-s),calc(var(--awb-color4-l) + 20%),var(--awb-color4-a));\" data-animationType=\"revealInLeft\" data-animationDuration=\"1.3\" data-animationOffset=\"top-into-view\"><img decoding=\"async\" width=\"1243\" height=\"600\" alt=\"services-4\" title=\"Group talking\" src=\"data:image\/svg+xml,%3Csvg%20xmlns%3D%27http%3A%2F%2Fwww.w3.org%2F2000%2Fsvg%27%20width%3D%271243%27%20height%3D%27600%27%20viewBox%3D%270%200%201243%20600%27%3E%3Crect%20width%3D%271243%27%20height%3D%27600%27%20fill-opacity%3D%220%22%2F%3E%3C%2Fsvg%3E\" data-orig-src=\"https:\/\/financiere-eos.com\/wp-content\/uploads\/2022\/08\/services-4.jpg\" class=\"lazyload img-responsive wp-image-1116 img-with-aspect-ratio\" \/><\/span><\/div><div class=\"fusion-image-element \" style=\"--awb-aspect-ratio: 100 \/ 119;--awb-margin-bottom-small:50px;--awb-caption-title-font-family:var(--h2_typography-font-family);--awb-caption-title-font-weight:var(--h2_typography-font-weight);--awb-caption-title-font-style:var(--h2_typography-font-style);--awb-caption-title-size:var(--h2_typography-font-size);--awb-caption-title-transform:var(--h2_typography-text-transform);--awb-caption-title-line-height:var(--h2_typography-line-height);--awb-caption-title-letter-spacing:var(--h2_typography-letter-spacing);\"><span class=\" fusion-imageframe imageframe-none imageframe-3 hover-type-none has-aspect-ratio fusion-animated\" style=\"--awb-animation-color:hsla(var(--awb-color4-h),var(--awb-color4-s),calc(var(--awb-color4-l) + 20%),var(--awb-color4-a));\" data-animationType=\"revealInLeft\" data-animationDuration=\"1.3\" data-animationOffset=\"top-into-view\"><img decoding=\"async\" width=\"1024\" height=\"915\" title=\"611-guide_usage_francais-05-1\" src=\"https:\/\/financiere-eos.com\/wp-content\/uploads\/2023\/06\/611-guide_usage_francais-05-1.jpg\" data-orig-src=\"https:\/\/financiere-eos.com\/wp-content\/uploads\/2023\/06\/611-guide_usage_francais-05-1-1024x915.jpg\" class=\"lazyload img-responsive wp-image-2613 img-with-aspect-ratio\" alt srcset=\"data:image\/svg+xml,%3Csvg%20xmlns%3D%27http%3A%2F%2Fwww.w3.org%2F2000%2Fsvg%27%20width%3D%272480%27%20height%3D%272217%27%20viewBox%3D%270%200%202480%202217%27%3E%3Crect%20width%3D%272480%27%20height%3D%272217%27%20fill-opacity%3D%220%22%2F%3E%3C%2Fsvg%3E\" data-srcset=\"https:\/\/financiere-eos.com\/wp-content\/uploads\/2023\/06\/611-guide_usage_francais-05-1-200x179.jpg 200w, https:\/\/financiere-eos.com\/wp-content\/uploads\/2023\/06\/611-guide_usage_francais-05-1-400x358.jpg 400w, https:\/\/financiere-eos.com\/wp-content\/uploads\/2023\/06\/611-guide_usage_francais-05-1-600x536.jpg 600w, https:\/\/financiere-eos.com\/wp-content\/uploads\/2023\/06\/611-guide_usage_francais-05-1-800x715.jpg 800w, https:\/\/financiere-eos.com\/wp-content\/uploads\/2023\/06\/611-guide_usage_francais-05-1-1200x1073.jpg 1200w\" data-sizes=\"auto\" data-orig-sizes=\"(max-width: 700px) 100vw, 600px\" \/><\/span><\/div><\/div><\/div><div class=\"fusion-layout-column fusion_builder_column fusion-builder-column-1 fusion-flex-column fusion-animated\" style=\"--awb-padding-bottom-medium:0px;--awb-bg-size:cover;--awb-width-large:48%;--awb-margin-top-large:0px;--awb-spacing-right-large:4%;--awb-margin-bottom-large:0px;--awb-spacing-left-large:55px;--awb-width-medium:50%;--awb-order-medium:0;--awb-spacing-right-medium:3.84%;--awb-spacing-left-medium:20px;--awb-width-small:100%;--awb-order-small:0;--awb-spacing-right-small:1.92%;--awb-spacing-left-small:20px;\" data-animationType=\"fadeInRight\" data-animationDuration=\"1.3\" data-animationOffset=\"top-into-view\"><div class=\"fusion-column-wrapper fusion-column-has-shadow fusion-flex-justify-content-flex-start fusion-content-layout-column\"><div class=\"fusion-title title fusion-title-1 fusion-sep-none fusion-title-text fusion-title-size-div\" style=\"--awb-text-color:var(--awb-color1);--awb-margin-top:0px;--awb-margin-right:30px;--awb-margin-right-small:30px;--awb-font-size:var(--awb-typography5-font-size);\"><div class=\"fusion-title-heading title-heading-left title-heading-tag\" style=\"font-family:var(--awb-typography5-font-family);font-weight:var(--awb-typography5-font-weight);font-style:var(--awb-typography5-font-style);margin:0;font-size:1em;letter-spacing:var(--awb-typography5-letter-spacing);text-transform:var(--awb-typography5-text-transform);line-height:var(--awb-typography5-line-height);\"><span class=\"fusion-highlight custom-textcolor highlight1 awb-highlight-background\" style=\"--awb-color:var(--awb-color5);--awb-text-color:var(--awb-color1);\">Nos m\u00e9tiers<\/span><\/div><\/div><div class=\"fusion-title title fusion-title-2 fusion-sep-none fusion-title-text fusion-title-size-two\" style=\"--awb-margin-bottom:30px;\"><h2 class=\"fusion-title-heading title-heading-left\" style=\"margin:0;\">Fusion \/ Acquisition<\/h2><\/div><div class=\"fusion-text fusion-text-1 fusion-text-no-margin\" style=\"--awb-margin-bottom:10px;\"><p style=\"text-align: justify;\">Sp\u00e9cialis\u00e9 dans le conseil pour les transactions h\u00f4teli\u00e8res, le groupe Financi\u00e8re Eos assiste ses clients dans l&#8217;achat ou la vente de fonds de commerce et d&#8217;immobilier h\u00f4telier, principalement \u00e0 Paris et sur la C\u00f4te d&#8217;Azur. Nous g\u00e9rons et facilitons les n\u00e9gociations tout au long du processus transactionnel, que nous repr\u00e9sentions l&#8217;acheteur ou le vendeur.<\/p>\n<\/div><div class=\"fusion-separator fusion-full-width-sep\" style=\"align-self: center;margin-left: auto;margin-right: auto;margin-top:30px;margin-bottom:10px;width:100%;\"><div class=\"fusion-separator-border sep-single sep-solid\" style=\"--awb-height:20px;--awb-amount:20px;border-color:var(--awb-color3);border-top-width:1px;\"><\/div><\/div><ul style=\"--awb-item-padding-top:20px;--awb-item-padding-right:60px;--awb-item-padding-left:0px;--awb-iconcolor:var(--awb-color6);--awb-line-height:27.2px;--awb-icon-width:27.2px;--awb-icon-height:27.2px;--awb-icon-margin:11.2px;--awb-content-margin:38.4px;\" class=\"fusion-checklist fusion-checklist-1 type-icons\"><li class=\"fusion-li-item\" style=\"\"><span class=\"icon-wrapper circle-no\"><i class=\"fusion-li-icon corporation-check\" aria-hidden=\"true\"><\/i><\/span><div class=\"fusion-li-item-content\">\n<p>Conseil<strong style=\"font-style: normal;\"> Acheteur\/Investisseur<\/strong><\/p>\n<address>\u00a0<\/address>\n<address style=\"text-align: justify;\">Nous identifions des opportunit\u00e9s h\u00f4teli\u00e8res adapt\u00e9es \u00e0 vos crit\u00e8res d&#8217;investissement, particuli\u00e8rement \u00e0 Paris ou en Provence-Alpes-C\u00f4te d&#8217;Azur. L&#8217;acquisition h\u00f4teli\u00e8re, qui se d\u00e9roule en plusieurs \u00e9tapes, b\u00e9n\u00e9ficie de notre expertise en mati\u00e8re de regroupements strat\u00e9giques tels que :<\/address>\n<address style=\"text-align: justify;\">\u00a0<\/address>\n<address>\u00a0<\/address>\n<address>\n<ul>\n<li><strong style=\"color: var(--awb-textcolor); font-size: var(--awb-size); font-family: var(--body_typography-font-family); letter-spacing: var(--body_typography-letter-spacing); background-color: var(--awb-even-row-bgcolor); font-style: var(--body_typography-font-style,normal);\"> Regroupement Vertical<\/strong><\/li>\n<\/ul>\n<p style=\"text-align: justify;\">Cette strat\u00e9gie consiste \u00e0 unifier le fonds de commerce et les murs de l&#8217;h\u00f4tel, souvent g\u00e9r\u00e9s par deux acteurs distincts, surtout \u00e0 Paris. Cette consolidation cr\u00e9e une pleine propri\u00e9t\u00e9, alignant ainsi les int\u00e9r\u00eats entre les parties et augmentant la valeur de l&#8217;actif. Nous vous accompagnons dans chaque \u00e9tape de ce processus pour optimiser l&#8217;organisation et la valeur de votre investissement.<\/p>\n<ul>\n<li><strong> Regroupement Horizontal<\/strong><\/li>\n<\/ul>\n<p style=\"text-align: justify;\">Nous facilitons l&#8217;expansion des h\u00f4tels par l&#8217;acquisition de propri\u00e9t\u00e9s adjacentes, ce qui permet d&#8217;augmenter la capacit\u00e9 de l&#8217;\u00e9tablissement, et donc sa rentabilit\u00e9.<\/p>\n<ul>\n<li><strong> Regroupement juridique de copropri\u00e9taires<\/strong><\/li>\n<\/ul>\n<p style=\"text-align: justify;\">Nous convertissons des h\u00f4tels g\u00e9r\u00e9s sous le r\u00e9gime de la multi-propri\u00e9t\u00e9 en une unique entit\u00e9 propri\u00e9taire, simplifiant ainsi la gestion et am\u00e9liorant la rentabilit\u00e9.<\/p>\n<\/address>\n<\/div><\/li><li class=\"fusion-li-item\" style=\"\"><span class=\"icon-wrapper circle-no\"><i class=\"fusion-li-icon awb-icon-check\" aria-hidden=\"true\"><\/i><\/span><div class=\"fusion-li-item-content\">\n<p><b>Co-investissement h\u00f4telier <\/b><\/p>\n<p style=\"text-align: justify;\">Nous aidons \u00e0 lever des capitaux pour financer des acquisitions h\u00f4teli\u00e8res, via des capitaux propres ou des pr\u00eats mezzanines ; ce sont des capitaux provenant de nos affili\u00e9s ou de tiers, afin de soutenir vos projets d&#8217;expansion.<\/p>\n<\/div><\/li><li class=\"fusion-li-item\" style=\"\"><span class=\"icon-wrapper circle-no\"><i class=\"fusion-li-icon awb-icon-check\" aria-hidden=\"true\"><\/i><\/span><div class=\"fusion-li-item-content\">\n<p><strong>Conseil Vendeur<\/strong><\/p>\n<p style=\"text-align: justify;\">Avec notre r\u00e9seau \u00e9tendu, nous identifions des repreneurs potentiels pour votre h\u00f4tel et orchestrons la transaction pour optimiser les termes de vente et maximiser vos b\u00e9n\u00e9fices.<\/p>\n<\/div><\/li><\/ul><\/div><\/div><\/div><\/div><\/div>\n","protected":false},"excerpt":{"rendered":"","protected":false},"author":1,"featured_media":500,"parent":0,"menu_order":0,"comment_status":"closed","ping_status":"closed","template":"100-width.php","meta":{"_monsterinsights_skip_tracking":false,"_monsterinsights_sitenote_active":false,"_monsterinsights_sitenote_note":"","_monsterinsights_sitenote_category":0,"footnotes":""},"class_list":["post-2454","page","type-page","status-publish","has-post-thumbnail","hentry"],"_links":{"self":[{"href":"https:\/\/financiere-eos.com\/index.php\/wp-json\/wp\/v2\/pages\/2454","targetHints":{"allow":["GET"]}}],"collection":[{"href":"https:\/\/financiere-eos.com\/index.php\/wp-json\/wp\/v2\/pages"}],"about":[{"href":"https:\/\/financiere-eos.com\/index.php\/wp-json\/wp\/v2\/types\/page"}],"author":[{"embeddable":true,"href":"https:\/\/financiere-eos.com\/index.php\/wp-json\/wp\/v2\/users\/1"}],"replies":[{"embeddable":true,"href":"https:\/\/financiere-eos.com\/index.php\/wp-json\/wp\/v2\/comments?post=2454"}],"version-history":[{"count":26,"href":"https:\/\/financiere-eos.com\/index.php\/wp-json\/wp\/v2\/pages\/2454\/revisions"}],"predecessor-version":[{"id":3048,"href":"https:\/\/financiere-eos.com\/index.php\/wp-json\/wp\/v2\/pages\/2454\/revisions\/3048"}],"wp:featuredmedia":[{"embeddable":true,"href":"https:\/\/financiere-eos.com\/index.php\/wp-json\/wp\/v2\/media\/500"}],"wp:attachment":[{"href":"https:\/\/financiere-eos.com\/index.php\/wp-json\/wp\/v2\/media?parent=2454"}],"curies":[{"name":"wp","href":"https:\/\/api.w.org\/{rel}","templated":true}]}}